{"id":15132,"date":"2026-04-30T19:39:09","date_gmt":"2026-04-30T18:39:09","guid":{"rendered":"https:\/\/euskara.buruntzaldea.eus\/events\/san-ixidro-baserritarren-eguneko-ospakizuna-3\/"},"modified":"2026-04-30T19:39:09","modified_gmt":"2026-04-30T18:39:09","slug":"san-ixidro-baserritarren-eguneko-ospakizuna-3","status":"publish","type":"mec-events","link":"https:\/\/euskara.buruntzaldea.eus\/es\/events\/san-ixidro-baserritarren-eguneko-ospakizuna-3\/","title":{"rendered":"San Ixidro, Baserritarren Eguneko ospakizuna"},"content":{"rendered":"<p><strong>Egitaraua:<\/strong><\/p>\n<p>10:00 Esna deia herrrian zehar Ostolaza eta Larra\u00f1agarekin.<\/p>\n<p>11:30 Hamaiketako herrikoia plazan.<\/p>\n<p>12:00 Bertsolariak: Ane Labaka eta Be\u00f1at Gaztelumendi.<\/p>\n<p>12:30 Giza proba binaka: Iurgi Mendiluze, Imanol Zaldua, Gabriel Sarasola eta I\u00f1aki Portularrume.<\/p>\n<p>14:30 Bertso-trikiti bazkaria Patri jatetxean (bazkarirako txartelak salgai Patri eta Alkartasunan).<\/p>\n","protected":false},"excerpt":{"rendered":"<p>Egitaraua: 10:00 Esna deia herrrian zehar Ostolaza eta Larra\u00f1agarekin. 11:30 Hamaiketako herrikoia plazan. 12:00 Bertsolariak: Ane Labaka eta Be\u00f1at Gaztelumendi. 12:30 Giza proba binaka: Iurgi Mendiluze, Imanol Zaldua, Gabriel Sarasola eta I\u00f1aki Portularrume. 14:30 Bertso-trikiti bazkaria Patri jatetxean (bazkarirako txartelak salgai Patri eta Alkartasunan).<\/p>\n","protected":false},"author":1,"featured_media":15133,"comment_status":"closed","ping_status":"closed","template":"","tags":[],"mec_category":[],"herria":[359],"class_list":["post-15132","mec-events","type-mec-events","status-publish","has-post-thumbnail","hentry","herria-usurbil-es"],"acf":[],"_links":{"self":[{"href":"https:\/\/euskara.buruntzaldea.eus\/es\/wp-json\/wp\/v2\/mec-events\/15132","targetHints":{"allow":["GET"]}}],"collection":[{"href":"https:\/\/euskara.buruntzaldea.eus\/es\/wp-json\/wp\/v2\/mec-events"}],"about":[{"href":"https:\/\/euskara.buruntzaldea.eus\/es\/wp-json\/wp\/v2\/types\/mec-events"}],"author":[{"embeddable":true,"href":"https:\/\/euskara.buruntzaldea.eus\/es\/wp-json\/wp\/v2\/users\/1"}],"replies":[{"embeddable":true,"href":"https:\/\/euskara.buruntzaldea.eus\/es\/wp-json\/wp\/v2\/comments?post=15132"}],"wp:featuredmedia":[{"embeddable":true,"href":"https:\/\/euskara.buruntzaldea.eus\/es\/wp-json\/wp\/v2\/media\/15133"}],"wp:attachment":[{"href":"https:\/\/euskara.buruntzaldea.eus\/es\/wp-json\/wp\/v2\/media?parent=15132"}],"wp:term":[{"taxonomy":"post_tag","embeddable":true,"href":"https:\/\/euskara.buruntzaldea.eus\/es\/wp-json\/wp\/v2\/tags?post=15132"},{"taxonomy":"mec_category","embeddable":true,"href":"https:\/\/euskara.buruntzaldea.eus\/es\/wp-json\/wp\/v2\/mec_category?post=15132"},{"taxonomy":"herria","embeddable":true,"href":"https:\/\/euskara.buruntzaldea.eus\/es\/wp-json\/wp\/v2\/herria?post=15132"}],"curies":[{"name":"wp","href":"https:\/\/api.w.org\/{rel}","templated":true}]}}

<p><strong>Egitaraua:</strong></p>
<p>10:00 Esna deia herrrian zehar Ostolaza eta Larrañagarekin.</p>
<p>11:30 Hamaiketako herrikoia plazan.</p>
<p>12:00 Bertsolariak: Ane Labaka eta Beñat Gaztelumendi.</p>
<p>12:30 Giza proba binaka: Iurgi Mendiluze, Imanol Zaldua, Gabriel Sarasola eta Iñaki Portularrume.</p>
<p>14:30 Bertso-trikiti bazkaria Patri jatetxean (bazkarirako txartelak salgai Patri eta Alkartasunan).</p>

<p>Egitaraua: 10:00 Esna deia herrrian zehar Ostolaza eta Larrañagarekin. 11:30 Hamaiketako herrikoia plazan. 12:00 Bertsolariak: Ane Labaka eta Beñat Gaztelumendi. 12:30 Giza proba binaka: Iurgi Mendiluze, Imanol Zaldua, Gabriel Sarasola eta Iñaki Portularrume. 14:30 Bertso-trikiti bazkaria Patri jatetxean (bazkarirako txartelak salgai Patri eta Alkartasunan).</p>
